s 110 - -5?
115
In base 3, what is 202 - -1012?
1221
In base 3, what is -101211 - -11?
-101200
In base 15, what is -1 + cb?
ca
In base 10, what is 33 - 3?
30
In base 7, what is -1633 + -2?
-1635
In base 3, what is 0 - -12000?
12000
In base 5, what is 2 - 10110?
-10103
In base 14, what is 5 - -b8?
bd
In base 12, what is -1 - -26b?
26a
In base 14, what is -a + 8?
-2
In base 11, what is 0 + a2?
a2
In base 3, what is -1212 + 22?
-1120
In base 8, what is 12 - -3205?
3217
In base 9, what is -3 + -6086?
-6100
In base 6, what is -3 + 5?
2
In base 13, what is 2 + 115?
117
In base 16, what is -3 - 14?
-17
In base 13, what is -175 - -3?
-172
In base 7, what is -335 + 32?
-303
In base 11, what is -3 + 587?
584
In base 10, what is -13 - -1177?
1164
In base 7, what is -42 - 4?
-46
In base 10, what is -1 + 514?
513
In base 5, what is -1431 - -41?
-1340
In base 4, what is -1031331 + 0?
-1031331
In base 10, what is 8 - -7?
15
In base 9, what is -5 + 1724?
1718
In base 9, what is 33 - 487?
-454
In base 3, what is -21 + 100201?
100110
In base 10, what is -26 - 15?
-41
In base 7, what is 115 - 21?
64
In base 11, what is 294 + 3?
297
In base 7, what is -6 + -14?
-23
In base 6, what is -2 - -2125?
2123
In base 12, what is 45 - 5?
40
In base 9, what is 174 - 18?
155
In base 10, what is 1857 - -1?
1858
In base 11, what is -6 + -1447?
-1452
In base 13, what is -16 + -a9?
-c2
In base 16, what is -1 - -4da?
4d9
In base 7, what is 610 + -113?
464
In base 13, what is -61 + 5?
-59
In base 5, what is 14 + 1033?
1102
In base 13, what is 97 - 14?
83
In base 8, what is -2 + -1016?
-1020
In base 6, what is 11 + -1050?
-1035
In base 6, what is 251013 - 5?
251004
In base 14, what is 5 - -16?
1b
In base 14, what is -32d - 2?
-331
In base 9, what is -2756 + -5?
-2762
In base 3, what is -11 + 2021?
2010
In base 14, what is -6b + -1?
-6c
In base 4, what is -221001 + 10?
-220331
In base 4, what is -1110 - 0?
-1110
In base 11, what is 17 - 112?
-a6
In base 9, what is 1625 + 5?
1631
In base 7, what is 3231 + -4?
3224
In base 15, what is b6 - 2?
b4
In base 12, what is 0 + -26?
-26
In base 3, what is 2 - -11210?
11212
In base 14, what is -13 - -d?
-4
In base 3, what is -1 + -10222?
-11000
In base 9, what is -5 + -172?
-177
In base 7, what is -53 - 15?
-101
In base 7, what is 50 + 1?
51
In base 3, what is 21 + -2221?
-2200
In base 5, what is 421421 - 1?
421420
In base 5, what is -4 + -1030?
-1034
In base 7, what is -2 - 3?
-5
In base 14, what is -44a - 6?
-452
In base 2, what is 100 - -1001011011?
1001011111
In base 15, what is 1a + -14e?
-134
In base 13, what is -316 - 1?
-317
In base 6, what is 54014 + 1?
54015
In base 10, what is -11 - -32?
21
In base 11, what is 42 - 11?
31
In base 3, what is -2211 - -20?
-2121
In base 3, what is 12 - 121010?
-120221
In base 2, what is -10 - 1100111?
-1101001
In base 2, what is -10 - 110000?
-110010
In base 3, what is -11010 - -22?
-10211
In base 8, what is 32 + -163?
-131
In base 10, what is 1 + 91?
92
In base 7, what is -2 - -53?
51
In base 15, what is 1 + 22?
23
In base 10, what is 5 + -16?
-11
In base 3, what is 10 - -10?
20
In base 7, what is -1310 + 4?
-1303
In base 14, what is -8a2 - -4?
-89c
In base 4, what is 12133101 - 11?
12133030
In base 15, what is -2 - -5be?
5bc
In base 5, what is 10 - 201?
-141
In base 13, what is -3 + 63?
60
In base 9, what is -2 - -42?
40
In base 15, what is -18 + 3?
-15
In base 15, what is 30e - 1?
30d
In base 3, what is 1001 + -1021112?
-1020111
In base 11, what is 89 - -1?
8a
In base 14, what is 29 - 1d?
a
In base 16, what is 0 + 15?
15
In base 3, what is -1 - 2112100?
-2112101
In base 13, what is 16 - -c9?
112
In base 13, what is -26 - -4?
-22
In base 6, what is -12 - -1041?
1025
In base 16, what is -79 + 37?
-42
In base 10, what is 174 - -1?
175
In base 10, what is -765 - -1?
-764
In base 11, what is -13a6 + -2?
-13a8
In base 10, what is 907 - -3?
910
In base 7, what is 1 + -2303?
-2302
In base 15, what is -5 + 13d6?
13d1
In base 16, what is -128 + -3?
-12b
In base 6, what is 3 + -253?
-250
In base 13, what is -142 + -1?
-143
In base 8, what is -24 + -1135?
-1161
In base 4, what is -112201 + 3?
-112132
In base 3, what is -101 + 0?
-101
In base 9, what is -138 - -3?
-135
In base 13, what is -12 + 76?
64
In base 9, what is 72 - 4?
67
In base 2, what is -1110011100 + 0?
-1110011100
In base 4, what is 1 - 12030?
-12023
In base 12, what is -13b - -10?
-12b
In base 6, what is -3 + -333?
-340
In base 8, what is -2120 + 5?
-2113
In base 4, what is 13001 + 11?
13012
In base 14, what is 3c + 5?
43
In base 6, what is -23 + 1244?
1221
In base 12, what is 1 - -79?
7a
In base 11, what is -5484 + 3?
-5481
In base 15, what is 1c - -1?
1d
In base 9, what is 811 - -7?
818
In base 16, what is -c + -4?
-10
In base 5, what is 13310 + -2?
13303
In base 7, what is 0 + -11521?
-11521
In base 11, what is -2454 + -5?
-2459
In base 13, what is 2a7 + 0?
2a7
In base 7, what is -430 - 2?
-432
In base 16, what is -1f5d - 5?
-1f62
In base 16, what is b29 + 3?
b2c
In base 8, what is -6 - -5?
-1
In base 15, what is -141 + -2?
-143
In base 4, what is 1 - -111211?
111212
In base 15, what is 4 - -2c?
31
In base 9, what is 5 - -25?
31
In base 11, what is 5 - -488?
492
In base 16, what is -12d - 3?
-130
In base 14, what is 4 + -21b?
-217
In base 3, what is -10020 + -10?
-10100
In base 4, what is -110231 - -2?
-110223
In base 11, what is -5 + -2595?
-259a
In base 16, what is 5 - -373?
378
In base 5, what is 133132 - 2?
133130
In base 13, what is -357 + 2?
-355
In base 3, what is 2 + -212?
-210
In base 11, what is -5 - -797?
792
In base 4, what is 233 + -11?
222
In base 2, what is 10 + 10110100?
10110110
In base 9, what is 126 - -4?
131
In base 15, what is -386 - -10?
-376
In base 11, what is -924 + 1?
-923
In base 4, what is 22 - 33202?
-33120
In base 12, what is 458 - 3?
455
In base 13, what is 0 + 305?
305
In base 15, what is 94 - -b?
a0
In base 2, what is -11101100010 - -11?
-11101011111
In base 10, what is -332 + 1?
-331
In base 9, what is -1 + 125?
124
In base 7, what is -3 - 1466?
-1502
In base 8, what is 1202 + 5?
1207
In base 2, what is -10 - 11001?
-11011
In base 7, what is 332 - 34?
265
In base 14, what is -1 - -35?
34
In base 13, what is -b3a + 7?
-b33
In base 9, what is 703 - -53?
756
In base 2, what is -101110000001 - -1?
-101110000000
In base 2, what is -11111 - -10?
-11101
In base 7, what is -3 + 20?
14
In base 2, what is 1011 - -11?
1110
In base 6, what is -5405 + -12?
-5421
In base 13, what is -2 + -52?
-54
In base 4, what is -3 + 212?
203
In base 8, what is -6 - 1131?
-1137
In base 5, what is -14222 - -4?
-14213
In base 6, what is 3 - 203?
-200
In base 4, what is -1100 + -123?
-1223
In base 4, what is -12 - 120123?
-120201
In base 11, what is -154 - 35?
-189
In base 8, what is 2252 + 3?
2255
In base 2, what is -100101100011 - 1010?
-100101101101
In base 8, what is -5 + 21?
14
In base 2, what is -1111 - -1?
-1110
In base 4, what is 2312 - 121?
2131
In base 4, what is -3 + 323?
320
In base 6, what is 213 - -1?
214
In base 12, what is 76 - 9?
69
In base 9, what is 11815 + 1?
11816
In base 6, what is -45322 + -4?
-45330
In base 15, what is 6 - -1ae?
1b5
In base 7, what is -2301 + 26?
-2242
In base 5, what is -10 - -44?
34
In base 9, what is 21 - 4?
16
In base 4, what is 3201 - 11?
3130
In base 14, what is -47 - 6?
-4d
In base 2, what is -10101101001 + 11?
-10101100110
In base 8, what is -121 - 102?
-223
In base 16, what is 2 - -2?
4
In base 7, what is -5 - 33?
-41
In base 8, what is -6426 - 4?
-6432
In base 13, what is 2 - -5?
7
In base 14, what is -13 - -59?
46
In base 2, what is 10 - -1111001010?
1111001100
In base 8, what is 4 - -45?
51
In base 10, what is -2 - 236?
-238
In base 7, what is -224 - 11?
-235
In base 4, what is 103021 + -10?
103011
In base 9, what is -10 - 1808?
-1818
In base 10, what is -4 - -24?
20
In base 14, what is 37 - -5?
3c
In base 11, what is -1 - 947?
-948
In base 14, what is 1d - 20?
-1
In base 8, what is 7 - 52?
-43
In base 7, what is 4 - 10320?
-10313
In base 5, what is 4011 + 4?
4020
In base 10, what is -5 - -190?
185
In base 6, what is 2555 - -5?
3004
In base 11, what is -2592 - 1?
-2593
In base 15, what is -2 + 1e4c?
1e4a
In base 10, what is -54 + -382?
-436
In base 7, what is -4 + -16?
-23
In base 7, w